 = -12*x - 11 + x**2 + 22*x - 11*x - 8*x. What is d(10)?
-1
Let z = 36 + -6. Suppose 4*j - z = -j. Let w(b) be the second derivative of -b**3/2 + 3*b**2 + 3*b. Determine w(j).
-12
Let m be 1/(3/(-2))*-9. Let p(x) be the second derivative of -x**4/12 + 5*x**3/6 - 4*x**2 - 2*x - 42. Determine p(m).
-14
Let q(s) = -s**3 + 7*s**2 + 2*s - 5. Let n be q(7). Let h(c) = c**3 - 8*c**2 - 8*c - 3. Calculate h(n).
6
Suppose -231*a + 205*a - 52 = 0. Let v(i) = i**2 + i + 2. Determine v(a).
4
Let c = 14 - 7. Let k(w) = w**2 - 6*w - 5. Determine k(c).
2
Let j(t) = -4*t**2 - 30*t - 6. Let f(q) = -q**2 - 5*q - 1. Let d(g) = 24*f(g) - 4*j(g). Suppose n + 1 = v, -v = -4*n - 0 - 1. Determine d(v).
-8
Let p(q) = q**3 + 7*q**2 + q + 8. Let m be 9/(-2)*4/2. Let n = m - -2. Let a be p(n). Let j(y) = -2*y + 1. Give j(a).
-1
Let o(m) = 3*m**2 - m - 1. Suppose 0*b + 8 = -2*b, 15 = t - 4*b. Let p be o(t). Let j(y) = p + 2*y**2 + 1 - 4*y - 2 + y. Calculate j(2).
4
Let p be 6/4 + (-11)/2. Let t(y) be the second derivative of -y**3/2 - 5*y**2/2 + y. Determine t(p).
7
Suppose 0 = -c + 2*c + 5. Let m(t) = -t**2 - t + 22. Let s be m(c). Let b(h) = -2*h**3 - 3*h**2 + h. Determine b(s).
-26
Let x(q) = -3*q - 1. Let c(l) = l**2 - 1. Let r(u) = -3*u**2 + 7*u + 15. Let w(y) = -4*c(y) - r(y). Let p be w(-4). Determine x(p).
-4
Let w(h) = -3*h - 10. Let g(z) = z + 3. Let c = 19 + -26. Let t(n) = c*g(n) - 2*w(n). Determine t(-1).
0
Let o be (-166)/(-34) + 4/34. Suppose 3*f = c + 1, 4*f = 5*c - o - 12. Let y(v) = -v + 1. What is y(f)?
-1
Let m(a) = 34*a + 5 + 9 - 32*a. Determine m(-6).
2
Let j(y) = y**3 + y**2 - y + 3. Let c be (-2)/((234/(-27))/(-13)). What is j(c)?
-12
Let m(a) be the first derivative of -2*a**3 - 3/2*a**2 + 1/4*a**4 + 2*a + 8. What is m(6)?
-16
Let f(x) = -x + 8. Let d(b) = 14*b + 7*b + 15 - 23*b. Let c(m) = 4*d(m) - 7*f(m). Give c(0).
4
Suppose 24*y + 73 = 25*y. Let h(k) = -35 + y - k - 38. Determine h(1).
-1
Let z(m) = -m**3 + 14*m**2 - 11*m - 16. Let u(h) = h - 35. Let y be u(48). Give z(y).
10
Let w(p) = 4*p**2 - p + 4. Let l be w(2). Let r = -14 + l. Let i(x) = -x**2 + 3*x - 1. What is i(r)?
-5
Let k(x) = -x - 6. Let c(v) = -16*v + 58. Let d be c(4). What is k(d)?
0
Let j(n) = -3*n + 8. Let s be j(2). Let u(b) = -b - 4. Let x be u(s). Let i(q) = -q - 5. Give i(x).
1
Let l(i) = 3*i - 3. Let t be (-6)/(-2)*2/3. Let x be l(t). Suppose -x = -q + 3*m - 0*m, 0 = 2*q - 5*m - 4. Let f(s) = s**2 + 4*s + 1. Calculate f(q).
-2
Let k(l) = 3*l**2 - 4*l + 2. Let u(m) = -m**2 + 1. Let w(d) = -k(d) - 2*u(d). Suppose 17*h - 164 = -24*h. Give w(h).
-4
Let i be -9 + 13 - (2 - 1). Let y be i/(105/(-20)) - 90/14. Let o(g) = -g**3 - 6*g**2 + 7*g - 5. What is o(y)?
-5
Let f(x) be the third derivative of -x**5/30 + 5*x**4/24 - x**3/3 + 184*x**2. Let t(w) = 2*w**2 - 2*w - 1. Let d be t(2). What is f(d)?
-5
Suppose 0 = -5*n - 2*h - 31, 13*n = 16*n - 3*h + 27. Let j(l) = -l**3 - 7*l**2 + 2*l + 16. Give j(n).
2
Let q(h) be the second derivative of -h**5/20 - 7*h**4/6 - 13*h**3/6 + 4*h**2 - h + 166. Give q(-13).
8
Let r(j) = -1 + j**3 + 5*j - 2*j - 2*j**3 + 5*j**2 - 7*j. Let i be -1 - -8*(-1)/(-2). Give r(i).
5
Let t(a) = -a**3 - 11*a**2 + 12*a - 3. Let o be t(-12). Let w be o - 16/4*-2. Let y be ((-2)/w)/(4/60). Let d(r) = -r**2 - 9*r - 6. Calculate d(y).
12
Let v(w) = w - 2*w - 17 + 2 + 1. Let a(i) = -i**2 + 14*i + 21. Let r be a(15). Let p be ((-7)/(-3))/(r/(-18)). Give v(p).
-7
Let r be (-39)/(-13)*5*1. Let s be (-140)/(-25) - (-6)/r. Let x(n) = -n + 1. Calculate x(s).
-5
Let a(o) = 36*o + 39. Let s(v) = -12*v - 11. Let h(u) = 2*a(u) + 7*s(u). Give h(2).
-23
Let p = -14 - -8. Let k(f) = -13*f**2 + 9*f + 31. Let h(r) = -14 - 5*r - 5 + 0*r + 7*r**2 + 3. Let l(j) = p*k(j) - 11*h(j). Give l(0).
-10
Let f = -126 + 127. Let h be 1 - (-4 - (-2 + 0)). Let z(d) = -d**2 + h - d**2 - 11*d**3 - 2. Calculate z(f).
-12
Let y(v) = -382*v + 1 + 383*v + 4. Let c = 3 + 2. Determine y(c).
10
Suppose -i = 3*w + 6, 2*i + 3*w + 14 - 5 = 0. Let o(x) = 3*x - 4. Calculate o(i).
-13
Let n = 8 + -3. Suppose -3 - 12 = n*y. Let i(r) = 5*r**2 + r - 3. Let q(d) = -11*d**2 - 2*d + 6. Let l(a) = 7*i(a) + 3*q(a). What is l(y)?
12
Let b(w) be the first derivative of w**2 + 15*w - 263. Give b(-11).
-7
Let j(d) = d**3 - d**2 - d. Let m(p) = 6 - 32*p + 21*p + 12*p**2 + 16*p - 5*p**3. Let s(f) = 6*j(f) + m(f). Give s(-6).
12
Let j(g) = 2*g - 1. Let i(n) be the first derivative of -n**2/2 - 2. Let s(z) = 2*z**2 + 5*z - 6. Let f be s(-3). Let v(u) = f*j(u) - 5*i(u). Determine v(5).
-2
Let z(i) be the third derivative of 0 + 2/3*i**3 + 0*i + 1/4*i**4 + 1/60*i**5 + i**2. Suppose 251*c - 267*c - 80 = 0. Give z(c).
-1
Let u(g) = -g - 4 + 3*g + 7 - 3. What is u(-6)?
-12
Let o(m) = -8*m. Let h(v) = -2*v**2 + 15*v - 9. Let z be h(7). Calculate o(z).
16
Suppose 0*j + 6*j - 18 = 0. Let m be 28*(1 - j/4). Let n(v) = -v**3 + 7*v**2 - 3*v. Calculate n(m).
-21
Let k(h) = 2 + 3*h - 3 + h. Let a(s) = s. Let g(f) = -2*a(f) + k(f). Let p(b) = 2*b + 16. Let z be p(-7). Determine g(z).
3
Let t(f) = f**3 + 6*f**2 + 8*f + 6. Suppose -i = 6*d - d + 23, -i + 12 = -2*d. Determine t(d).
-9
Let t(i) = -5*i + 5 - 3*i - 6*i - 9*i + 24*i. Determine t(6).
11
Let f(h) = -2*h**2 + h - 1. Let q(l) = l + 16. Let n be q(16). Let u be n/28 - 4/28. Give f(u).
-2
Let s be 1/((20/(-4))/25). Let w(x) = -2*x - 4. Calculate w(s).
6
Let z(x) = x**3 + 11*x**2 + 10*x - 5. Let t be 2/5 + (14/(-35) - 10). Calculate z(t).
-5
Let q be 0 + 4/(-4) + 3. Let u(j) = q*j + 8 + 12 + 7 - 28. Calculate u(5).
9
Suppose -5*o = 5*l - 0*l - 25, -3*o + 9 = l. Suppose 0 = -241*y + 240*y + o. Let a(v) = 2*v**3 - v**2 + 4*v - 3. Calculate a(y).
17
Let r(h) = h - 9*h**2 - 6*h + h**3 + 6*h**2 - 3. Let n be 4/(-18) - 228/(-54). Determine r(n).
-7
Let d(l) = 7*l**2 - 5*l + 1. Let r(h) = 12*h**2 - 10*h + 3. Let w(z) = 5*d(z) - 3*r(z). What is w(4)?
0
Let g = 225 + -236. Let a(j) = j**2 + 11*j. Determine a(g).
0
Suppose 0*s - 6*s = 294. Let m = 53 + s. Let x(q) = -q**3 + 4*q**2 - 3*q + 6. Determine x(m).
-6
Let t = -297 - -295. Let b(j) = -7*j + 2. Give b(t).
16
Let g(x) = -x**2 + 3. Let h = -1269 + 1272. Determine g(h).
-6
Let j(w) be the third derivative of w**6/40 + w**5/30 + w**4/24 - w**3/3 + 21*w**2. Give j(-2).
-20
Let b(w) = -w**2 - 20*w + 23. Let z be b(-21). Suppose 0 = z*v - v - 2*a + 3, 4*a - 12 = 0. Let g(t) = -t**2 + t - 4. Calculate g(v).
-10
Let x = -6 - -12. Let q(k) = -5*k**2 + 15*k - 6. Let n be q(2). Suppose 0 = -t - t - z - x, -n*z - 8 = 0. Let y(c) = c**2 - c. Determine y(t).
6
Let n(s) = -10*s**2 + 5*s**2 - 6*s + 1 - 3*s + 7*s. Give n(1).
-6
Suppose -2*y + j = -1 - 2, 11 = 5*y + j. Let s(r) = -r**2 - 2*r + 10*r**2 - 4*r**y + r**3 - 2. What is s(-5)?
8
Let c(m) = m**3 + 21*m**2 - 23*m - 27. Let o(v) = v**3 + 29*v**2 + 24*v - 134. Let f be o(-28). What is c(f)?
-5
Let f(d) = -d**3 + 5*d**2 + d + 5. Let k = -1 + -2. Let o be -1*(-25)/(-15)*k. Determine f(o).
10
Let o(u) = -8*u + 2. Suppose 4*l = -16 + 20. Give o(l).
-6
Let s(q) be the second derivative of q**5/20 + q**4/4 + q**3/2 + 61*q - 1. Calculate s(-2).
-2
Let z(a) = a**2 + 4*a - 4. Let w be ((-21)/(-14))/((-2)/(-8)). Suppose w = -u - 7*k + 4*k, 2*u + 12 = 4*k. Give z(u).
8
Suppose 0 = -26*y + 31*y - 135. Let s be (y/(-81))/((-1)/12). Let w(q) = q**2 - 4*q - 2. Calculate w(s).
-2
Let r(w) = -w**2 + 2*w + 2. Let p = -1432 + 1435. Determine r(p).
-1
Let a(r) = r**2 - 2*r - 1. Suppose 7*g = 2*g + 10. Suppose 3*j + g = 4*j. Let f = 5 - j. Give a(f).
2
Let r(x) = x - 9 + 2*x + 8*x - 9*x. Let k be -30*(6/9 - 1). Let s be 56/k + 4/10. Give r(s).
3
Let h(n) = n**2 - 5*n + 4. Let p(o) = -o**2 + 5*o - 2. Let s be p(4). Suppose 0*w = s*w - 8. What is h(w)?
0
Let y(x) be the second derivative of -x**3/6 - 5*x**2/2 + 284*x. What is y(4)?
-9
Let p(q) = -q + 53234*q**2 - 53233*q**2 + 4 - 2. Determine p(4).
14
Let m(u) be the third derivative of 0*u + 2/3*u**3 + 1/4*u**4 + 0 + 1/60*u**5 - 14*u**2. Calculate m(-5).
-1
Suppose -23 = 7*r + 5. Let s(n) = -n + 19 - 21 + 2*n. Give s(r).
-6
Let f(r) = r**2 - r - 7. Suppose 0 = -0*z - z - 6. Let g be (-8)/4*15/z. Give f(g).
13
Let q(o) be the second derivative of 5/3*o**3 + 13*o + 0 + 3/2*o**2 + 1/12*o**4. Calculate q(-9).
-6
Let q = -8 - -12. Let o(z) = 5*z + 2*z**3 - 1 + q*z**3 - 5*z**3 